{"id":15,"date":"2024-10-17T18:33:52","date_gmt":"2024-10-17T18:33:52","guid":{"rendered":"http:\/\/192.168.1.77:8000\/?page_id=15"},"modified":"2025-05-13T20:22:57","modified_gmt":"2025-05-13T20:22:57","slug":"servicios","status":"publish","type":"page","link":"https:\/\/servipumps.com\/?page_id=15","title":{"rendered":"Servicios"},"content":{"rendered":"\n<div class=\"wp-block-uagb-container uagb-block-ddbe5c65 alignfull uagb-is-root-container\"><div class=\"uagb-container-inner-blocks-wrap\">\n<div class=\"wp-block-uagb-advanced-heading uagb-block-fa4e7c56\"><h1 class=\"uagb-heading-text\">Servicios que ofrecemos<\/h1><p class=\"uagb-desc-text\">Somos una empresa 100% mexicana, especializada en la reparaci\u00f3n de bombas centr\u00edfugas, con un profundo conocimiento de las necesidades en mantenimiento preventivo y correctivo, as\u00ed como en la optimizaci\u00f3n y confiabilidad de la operaci\u00f3n de equipos de bombeo.<\/p><\/div>\n<\/div><\/div>\n\n\n\n<div class=\"wp-block-uagb-container uagb-block-769b6847 alignfull uagb-is-root-container\"><div class=\"uagb-container-inner-blocks-wrap\">\n<div class=\"wp-block-uagb-advanced-heading uagb-block-49143d4d\"><h2 class=\"uagb-heading-text\">\u00bfQu\u00e9 ofrecemos?<\/h2><\/div>\n\n\n\n<div class=\"wp-block-uagb-container uagb-layout-grid uagb-block-132ede22\">\n<div class=\"wp-block-uagb-info-box uagb-block-0669c3ff uagb-infobox__content-wrap  uagb-infobox-icon-above-title uagb-infobox-image-valign-top\"><div class=\"uagb-ifb-content\"><div class=\"uagb-ifb-image-content\"><img loading=\"lazy\" decoding=\"async\" src=\"https:\/\/servipumps.com\/wp-content\/uploads\/2025\/02\/bf0f2f4c-2d4a-46b7-9582-582550f07357.jpg\" alt=\"\" width=\"1600\" height=\"1200\" loading=\"lazy\"\/><\/div><div class=\"uagb-ifb-title-wrap\"><h4 class=\"uagb-ifb-title\">Ingenier\u00eda<\/h4><\/div><p class=\"uagb-ifb-desc\">Ingenier\u00eda de Dise\u00f1o de Refacciones y Partes de Suministro<br>Ingenier\u00eda de Manufactura<br>Ingenier\u00eda de Desarrollo de Modelos Hidr\u00e1ulicos<br>Ingenier\u00eda y Desarrollo de Mejoras Hidr\u00e1ulicas<\/p><\/div><\/div>\n\n\n\n<div class=\"wp-block-uagb-info-box uagb-block-9a931b37 uagb-infobox__content-wrap  uagb-infobox-icon-above-title uagb-infobox-image-valign-top\"><div class=\"uagb-ifb-content\"><div class=\"uagb-ifb-image-content\"><img loading=\"lazy\" decoding=\"async\" src=\"https:\/\/servipumps.com\/wp-content\/uploads\/2025\/02\/72350df3-ea90-4ac6-b53b-0402bb933155.jpg\" alt=\"\" width=\"1600\" height=\"1200\" loading=\"lazy\"\/><\/div><div class=\"uagb-ifb-title-wrap\"><h4 class=\"uagb-ifb-title\">Planeaci\u00f3n<\/h4><\/div><p class=\"uagb-ifb-desc\">Reducci\u00f3n de Costo de Ciclo de Vida<br>Planeaci\u00f3n y Control de Producci\u00f3n<br>Aseguramiento de Calidad<br>An\u00e1lisis de Vibraciones<br>Servicio T\u00e9cnico en Campo<\/p><\/div><\/div>\n\n\n\n<div class=\"wp-block-uagb-info-box uagb-block-15659dce uagb-infobox__content-wrap  uagb-infobox-icon-above-title uagb-infobox-image-valign-top\"><div class=\"uagb-ifb-content\"><div class=\"uagb-ifb-image-content\"><img loading=\"lazy\" decoding=\"async\" src=\"https:\/\/servipumps.com\/wp-content\/uploads\/2025\/02\/b617a0fb-e918-45a6-bcca-d7ec9b44990a.jpg\" alt=\"\" width=\"1600\" height=\"1200\" loading=\"lazy\"\/><\/div><div class=\"uagb-ifb-title-wrap\"><h4 class=\"uagb-ifb-title\">Reparaci\u00f3n<\/h4><\/div><p class=\"uagb-ifb-desc\">Reparaci\u00f3n de Bombas Centr\u00edfugas Completas de cualquier marca.<br>Reparaci\u00f3n de partes de Bombas Centr\u00edfugas.<br>Desarrollo de Ingenier\u00eda Inversa para la fabricaci\u00f3n de partes y refacciones de bombas centr\u00edfugas.<\/p><\/div><\/div>\n\n\n\n<div class=\"wp-block-uagb-info-box uagb-block-1855b6b9 uagb-infobox__content-wrap  uagb-infobox-icon-above-title uagb-infobox-image-valign-top\"><div class=\"uagb-ifb-content\"><div class=\"uagb-ifb-image-content\"><img loading=\"lazy\" decoding=\"async\" src=\"https:\/\/servipumps.com\/wp-content\/uploads\/2025\/03\/100_3487.jpg\" alt=\"\" width=\"2000\" height=\"1500\" loading=\"lazy\"\/><\/div><div class=\"uagb-ifb-title-wrap\"><h4 class=\"uagb-ifb-title\">Mantenimiento<\/h4><\/div><p class=\"uagb-ifb-desc\">Reparaci\u00f3n de Bombas Centr\u00edfugas Cantiliver.<br>Bombas Centr\u00edfugas Multipasos .<br>Bombas Centrifugas Multipasos de Barril.<\/p><\/div><\/div>\n\n\n\n<div class=\"wp-block-uagb-info-box uagb-block-9f7240ab uagb-infobox__content-wrap  uagb-infobox-icon-above-title uagb-infobox-image-valign-top\"><div class=\"uagb-ifb-content\"><div class=\"uagb-ifb-image-content\"><img loading=\"lazy\" decoding=\"async\" src=\"https:\/\/servipumps.com\/wp-content\/uploads\/2025\/02\/8eb1164a-eb72-44da-a989-8af9edfce2b1.jpg\" alt=\"\" width=\"1600\" height=\"1200\" loading=\"lazy\"\/><\/div><div class=\"uagb-ifb-title-wrap\"><h4 class=\"uagb-ifb-title\">Servicio Integral<\/h4><\/div><p class=\"uagb-ifb-desc\">Partici\u00f3n Axial ( Voluta ).<br>Partici\u00f3n Radial ( Difusores ).<br>Bombas Verticales ( Circulaci\u00f3n , Condensado , Ebuladoras).<\/p><\/div><\/div>\n\n\n\n<div class=\"wp-block-uagb-info-box uagb-block-5681adcd uagb-infobox__content-wrap  uagb-infobox-icon-above-title uagb-infobox-image-valign-top\"><div class=\"uagb-ifb-content\"><div class=\"uagb-ifb-image-content\"><img loading=\"lazy\" decoding=\"async\" src=\"https:\/\/servipumps.com\/wp-content\/uploads\/2025\/02\/4c4522dd-8d39-4370-84df-1201745178c5.jpg\" alt=\"\" width=\"1600\" height=\"1200\" loading=\"lazy\"\/><\/div><div class=\"uagb-ifb-title-wrap\"><h4 class=\"uagb-ifb-title\">Calidad<\/h4><\/div><p class=\"uagb-ifb-desc\">Bombas de Pozo Profundo.<br>Bombas de C\u00e1rcamo.<\/p><\/div><\/div>\n\n\n\n<div class=\"wp-block-uagb-modal uagb-block-f8fea563 uagb-modal-wrapper\" data-escpress=\"enable\" data-overlayclick=\"disable\"><div class=\"uagb-spectra-button-wrapper wp-block-button\"><a class=\"uagb-modal-button-link wp-block-button__link uagb-modal-trigger\" href=\"#\" onclick=\"return false;\" target=\"_self\" rel=\"noopener noreferrer\"><span class=\"uagb-modal-content-wrapper\"><span class=\"uagb-inline-editing\">Tipos de bombas<\/span><\/span><\/a><\/div><div class=\"uagb-effect-default uagb-modal-popup uagb-block-f8fea563 uagb-modal-type-undefined\"><div class=\"uagb-modal-popup-wrap\"><div class=\"uagb-modal-popup-content\">\n<p><\/p>\n\n\n\n<figure class=\"wp-block-image size-full\"><img fetchpriority=\"high\" decoding=\"async\" width=\"1202\" height=\"1480\" src=\"https:\/\/servipumps.com\/wp-content\/uploads\/2025\/01\/Screenshot-2024-11-04-at-6.31.59\u202fp.m.png\" alt=\"\" class=\"wp-image-231\"\/><\/figure>\n<\/div><button class=\"uagb-modal-popup-close\" aria-label=\"Close Modal\"><svg xmlns=\"https:\/\/www.w3.org\/2000\/svg\" viewBox=\"0 0 320 512\"><path d=\"M310.6 361.4c12.5 12.5 12.5 32.75 0 45.25C304.4 412.9 296.2 416 288 416s-16.38-3.125-22.62-9.375L160 301.3L54.63 406.6C48.38 412.9 40.19 416 32 416S15.63 412.9 9.375 406.6c-12.5-12.5-12.5-32.75 0-45.25l105.4-105.4L9.375 150.6c-12.5-12.5-12.5-32.75 0-45.25s32.75-12.5 45.25 0L160 210.8l105.4-105.4c12.5-12.5 32.75-12.5 45.25 0s12.5 32.75 0 45.25l-105.4 105.4L310.6 361.4z\"><\/path><\/svg><\/button><\/div><\/div><\/div>\n<\/div>\n<\/div><\/div>\n\n\n\n<p><\/p>\n","protected":false},"excerpt":{"rendered":"<p>Servicios que ofrecemos Somos una empresa 100% mexicana, especializada en la reparaci\u00f3n de bombas centr\u00edfugas, con un profundo conocimiento de las necesidades en mantenimiento preventivo y correctivo, as\u00ed como en la optimizaci\u00f3n y confiabilidad de la operaci\u00f3n de equipos de bombeo. \u00bfQu\u00e9 ofrecemos?<\/p>\n","protected":false},"author":2,"featured_media":0,"parent":0,"menu_order":0,"comment_status":"closed","ping_status":"closed","template":"","meta":{"_uag_custom_page_level_css":"","site-sidebar-layout":"default","site-content-layout":"","ast-site-content-layout":"default","site-content-style":"default","site-sidebar-style":"default","ast-global-header-display":"","ast-banner-title-visibility":"","ast-main-header-display":"","ast-hfb-above-header-display":"","ast-hfb-below-header-display":"","ast-hfb-mobile-header-display":"","site-post-title":"disabled","ast-breadcrumbs-content":"","ast-featured-img":"","footer-sml-layout":"","ast-disable-related-posts":"","theme-transparent-header-meta":"","adv-header-id-meta":"","stick-header-meta":"","header-above-stick-meta":"","header-main-stick-meta":"","header-below-stick-meta":"","astra-migrate-meta-layouts":"default","ast-page-background-enabled":"default","ast-page-background-meta":{"desktop":{"background-color":"var(--ast-global-color-4)","background-image":"","background-repeat":"repeat","background-position":"center center","background-size":"auto","background-attachment":"scroll","background-type":"","background-media":"","overlay-type":"","overlay-color":"","overlay-opacity":"","overlay-gradient":""},"tablet":{"background-color":"","background-image":"","background-repeat":"repeat","background-position":"center center","background-size":"auto","background-attachment":"scroll","background-type":"","background-media":"","overlay-type":"","overlay-color":"","overlay-opacity":"","overlay-gradient":""},"mobile":{"background-color":"","background-image":"","background-repeat":"repeat","background-position":"center center","background-size":"auto","background-attachment":"scroll","background-type":"","background-media":"","overlay-type":"","overlay-color":"","overlay-opacity":"","overlay-gradient":""}},"ast-content-background-meta":{"desktop":{"background-color":"var(--ast-global-color-5)","background-image":"","background-repeat":"repeat","background-position":"center center","background-size":"auto","background-attachment":"scroll","background-type":"","background-media":"","overlay-type":"","overlay-color":"","overlay-opacity":"","overlay-gradient":""},"tablet":{"background-color":"var(--ast-global-color-5)","background-image":"","background-repeat":"repeat","background-position":"center center","background-size":"auto","background-attachment":"scroll","background-type":"","background-media":"","overlay-type":"","overlay-color":"","overlay-opacity":"","overlay-gradient":""},"mobile":{"background-color":"var(--ast-global-color-5)","background-image":"","background-repeat":"repeat","background-position":"center center","background-size":"auto","background-attachment":"scroll","background-type":"","background-media":"","overlay-type":"","overlay-color":"","overlay-opacity":"","overlay-gradient":""}},"footnotes":""},"class_list":["post-15","page","type-page","status-publish","hentry"],"uagb_featured_image_src":{"full":false,"thumbnail":false,"medium":false,"medium_large":false,"large":false,"1536x1536":false,"2048x2048":false},"uagb_author_info":{"display_name":"Daniel Mora","author_link":"https:\/\/servipumps.com\/?author=2"},"uagb_comment_info":0,"uagb_excerpt":"Servicios que ofrecemos Somos una empresa 100% mexicana, especializada en la reparaci\u00f3n de bombas centr\u00edfugas, con un profundo conocimiento de las necesidades en mantenimiento preventivo y correctivo, as\u00ed como en la optimizaci\u00f3n y confiabilidad de la operaci\u00f3n de equipos de bombeo. \u00bfQu\u00e9 ofrecemos?","_links":{"self":[{"href":"https:\/\/servipumps.com\/index.php?rest_route=\/wp\/v2\/pages\/15","targetHints":{"allow":["GET"]}}],"collection":[{"href":"https:\/\/servipumps.com\/index.php?rest_route=\/wp\/v2\/pages"}],"about":[{"href":"https:\/\/servipumps.com\/index.php?rest_route=\/wp\/v2\/types\/page"}],"author":[{"embeddable":true,"href":"https:\/\/servipumps.com\/index.php?rest_route=\/wp\/v2\/users\/2"}],"replies":[{"embeddable":true,"href":"https:\/\/servipumps.com\/index.php?rest_route=%2Fwp%2Fv2%2Fcomments&post=15"}],"version-history":[{"count":15,"href":"https:\/\/servipumps.com\/index.php?rest_route=\/wp\/v2\/pages\/15\/revisions"}],"predecessor-version":[{"id":344,"href":"https:\/\/servipumps.com\/index.php?rest_route=\/wp\/v2\/pages\/15\/revisions\/344"}],"wp:attachment":[{"href":"https:\/\/servipumps.com\/index.php?rest_route=%2Fwp%2Fv2%2Fmedia&parent=15"}],"curies":[{"name":"wp","href":"https:\/\/api.w.org\/{rel}","templated":true}]}}